38
What is the remainder when 1360 is divided by 47?
44
What is the remainder when 2938 is divided by 21?
19
Calculate the remainder when 2563 is divided by 27.
25
Calculate the remainder when 246 is divided by 35.
1
What is the remainder when 69 is divided by 9?
6
Calculate the remainder when 2907 is divided by 947.
66
Calculate the remainder when 490 is divided by 132.
94
Calculate the remainder when 743 is divided by 24.
23
What is the remainder when 13037 is divided by 123?
122
What is the remainder when 32 is divided by 24?
8
What is the remainder when 100 is divided by 82?
18
What is the remainder when 1072 is divided by 72?
64
Calculate the remainder when 63 is divided by 24.
15
Calculate the remainder when 389 is divided by 56.
53
Calculate the remainder when 92 is divided by 33.
26
What is the remainder when 591 is divided by 570?
21
What is the remainder when 198 is divided by 101?
97
What is the remainder when 586 is divided by 85?
76
What is the remainder when 469 is divided by 59?
56
Calculate the remainder when 30940 is divided by 27.
25
Calculate the remainder when 751 is divided by 126.
121
What is the remainder when 184 is divided by 54?
22
What is the remainder when 5266 is divided by 310?
306
What is the remainder when 177 is divided by 89?
88
Calculate the remainder when 217 is divided by 53.
5
What is the remainder when 494 is divided by 31?
29
What is the remainder when 947 is divided by 14?
9
Calculate the remainder when 1658 is divided by 15.
8
What is the remainder when 2115 is divided by 29?
27
Calculate the remainder when 993 is divided by 78.
57
Calculate the remainder when 98 is divided by 18.
8
What is the remainder when 425 is divided by 43?
38
Calculate the remainder when 1568 is divided by 174.
2
What is the remainder when 491 is divided by 147?
50
Calculate the remainder when 3490 is divided by 13.
6
What is the remainder when 102 is divided by 99?
3
Calculate the remainder when 10487 is divided by 184.
183
Calculate the remainder when 17662 is divided by 48.
46
Calculate the remainder when 297 is divided by 244.
53
What is the remainder when 14 is divided by 4?
2
What is the remainder when 190 is divided by 71?
48
What is the remainder when 7979 is divided by 20?
19
Calculate the remainder when 2020 is divided by 46.
42
Calculate the remainder when 568 is divided by 154.
106
What is the remainder when 198 is divided by 51?
45
Calculate the remainder when 752 is divided by 26.
24
Calculate the remainder when 32 is divided by 7.
4
What is the remainder when 127 is divided by 69?
58
Calculate the remainder when 567 is divided by 19.
16
What is the remainder when 439 is divided by 63?
61
What is the remainder when 89 is divided by 9?
8
Calculate the remainder when 127 is divided by 58.
11
What is the remainder when 454 is divided by 6?
4
What is the remainder when 8363 is divided by 89?
86
Calculate the remainder when 778 is divided by 78.
76
Calculate the remainder when 41 is divided by 7.
6
What is the remainder when 185 is divided by 86?
13
Calculate the remainder when 125 is divided by 30.
5
Calculate the remainder when 433 is divided by 15.
13
Calculate the remainder when 343 is divided by 14.
7
Calculate the remainder when 1296 is divided by 56.
8
What is the remainder when 15633 is divided by 59?
57
Calculate the remainder when 274 is divided by 46.
44
Calculate the remainder when 166 is divided by 75.
16
What is the remainder when 129 is divided by 4?
1
Calculate the remainder when 1649 is divided by 15.
14
What is the remainder when 128 is divided by 68?
60
Calculate the remainder when 1 is divided by 1.
0
Calculate the remainder when 414 is divided by 56.
22
Calculate the remainder when 1550 is divided by 20.
10
Calculate the remainder when 166 is divided by 29.
21
Calculate the remainder when 124 is divided by 85.
39
Calculate the remainder when 9088 is divided by 9.
7
Calculate the remainder when 319 is divided by 91.
46
What is the remainder when 213 is divided by 58?
39
What is the remainder when 2717 is divided by 1350?
17
Calculate the remainder when 57 is divided by 30.
27
What is the remainder when 1088 is divided by 539?
10
What is the remainder when 154 is divided by 41?
31
What is the remainder when 2223 is divided by 202?
1
What is the remainder when 1108 is divided by 74?
72
Calculate the remainder when 150 is divided by 31.
26
What is the remainder when 125 is divided by 32?
29
What is the remainder when 1226 is divided by 201?
20
Calculate the remainder when 4870 is divided by 29.
27
Calculate the remainder when 445 is divided by 316.
129
Calculate the remainder when 223 is divided by 15.
13
Calculate the remainder when 228 is divided by 80.
68
Calculate the remainder when 509 is divided by 86.
79
What is the remainder when 67 is divided by 26?
15
Calculate the remainder when 509 is divided by 16.
13
Calculate the remainder when 5529 is divided by 49.
41
What is the remainder when 274 is divided by 11?
10
Calculate the remainder when 294 is divided by 80.
54
Calculate the remainder when 182 is divided by 82.
18
Calculate the remainder when 95 is divided by 8.
7
What is the remainder when 269 is divided by 34?
31
Calculate the remainder when 1329 is divided by 280.
209
Calculate the remainder when 1725 is divided by 1725.
0
What is the remainder when 4223 is divided by 192?
191
What is the remainder when 331 is divided by 42?
37
Calculate the remainder when 405 is divided by 60.
45
What is the remainder when 604 is divided by 75?
4
What is the remainder when 2415 is divided by 171?
21
What is the remainder when 402 is divided by 25?
2
Calculate the remainder when 293 is divided by 142.
9
Calculate the remainder when 422 is divided by 25.
22
Calculate the remainder when 1506 is divided by 302.
298
Calculate the remainder when 1039 is divided by 16.
15
Calculate the remainder when 9178 is divided by 17.
15
Calculate the remainder when 1232 is divided by 95.
92
Calculate the remainder when 337 is divided by 11.
7
What is the remainder when 598 is divided by 59?
8
Calculate the remainder when 36 is divided by 12.
0
Calculate the remainder when 722 is divided by 76.
38
What is the remainder when 69 is divided by 13?
4
What is the remainder when 49 is divided by 32?
17
Calculate the remainder when 408 is divided by 50.
8
Calculate the remainder when 1640 is divided by 3.
2
What is the remainder when 225 is divided by 38?
35
What is the remainder when 148 is divided by 33?
16
What is the remainder when 309 is divided by 161?
148
Calculate the remainder when 11034 is divided by 31.
29
What is the remainder when 172 is divided by 60?
52
What is the remainder when 1448 is divided by 22?
18
What is the remainder when 219 is divided by 39?
24
Calculate the remainder when 527 is divided by 129.
11
Calculate the remainder when 935 is divided by 78.
77
What is the remainder when 5558 is divided by 9?
5
What is the remainder when 332 is divided by 101?
29
What is the remainder when 249 is divided by 134?
115
What is the remainder when 1521 is divided by 24?
9
What is the remainder when 1161 is divided by 14?
13
What is the remainder when 16521 is divided by 204?
201
Calculate the remainder when 997 is divided by 5.
2
Calculate the remainder when 571 is divided by 96.
91
What is the remainder when 3154 is divided by 41?
38
What is the remainder when 2783 is divided by 48?
47
Calculate the remainder when 1496 is divided by 20.
16
What is the remainder when 1990 is divided by 166?
164
Calculate the remainder when 408 is divided by 76.
28
What is the remainder when 947 is divided by 312?
11
Calculate the remainder when 111 is divided by 19.
16
What is the remainder when 236 is divided by 81?
74
Calculate the remainder when 2580 is divided by 9.
6
Calculate the remainder when 1561 is divided by 516.
13
What is the remainder when 218 is divided by 206?
12
What is the remainder when 596 is divided by 196?
8
What is the remainder when 51244 is divided by 33?
28
Calculate the remainder when 119 is divided by 53.
13
Calculate the remainder when 329 is divided by 35.
14
What is the remainder when 1350 is divided by 41?
38
Calculate the remainder when 297 is divided by 4.
1
What is the remainder when 54 is divid